= w**2 - 9*w - 490. Let z be v(-20). What is the highest common divisor of 1098 and z?
18
Suppose 0 + 1 = 3*f - 5*h, h + 5 = -f. Let j be (11/f + -2)/(12/(-252)). Suppose 8*x = -j + 335. What is the highest common factor of 81 and x?
27
Let b be 45/(41/(-22) + 2). Calculate the greatest common factor of b and 2255.
55
Let s(l) = 14 + 27*l - 63 - 8*l - 51. Let p be s(7). Calculate the highest common divisor of 6 and p.
3
Suppose 50*i + 19*i - 2185 - 15203 = 0. Calculate the highest common factor of i and 34524.
252
Suppose -4*q = -3*u - 338, -3*u + u + 90 = q. Let p = q + -80. What is the highest common factor of p and 42?
6
Suppose 243 = b + 2*b. Let z = -5500 - -5608. Calculate the greatest common divisor of z and b.
27
Let c(i) = 5*i - 31. Let f be c(7). Let v = 64 - f. Suppose 4*p - 4*l - v = 0, -2*p = -3*p - 4*l + 20. Calculate the highest common divisor of p and 4.
4
Let a(s) = 3*s + 46. Let l be a(-10). Suppose 5*j = 4*j + l. Calculate the greatest common divisor of j and 128.
16
Let a(h) = 44*h**3 - 7*h**2 + 3*h - 5. Let p be a(4). Let j be (-6)/63 + p/21. Calculate the greatest common divisor of j and 86.
43
Suppose -3*d = 5*g - 465, 2*g - 156 = 3*d + 51. What is the greatest common divisor of g and 408?
24
Suppose 1 = -9*q - 8. Let i be 196/6 + q/(-3). Suppose 4*o + i = 4*h - 79, 2*o + 87 = 3*h. What is the greatest common factor of h and 341?
31
Let m = 335 + -322. Let c(r) = 2*r**3 - 26*r**2 + 14*r - 8. Let h be c(m). What is the greatest common divisor of 6 and h?
6
Let v(s) = s**3 + 6*s**2 + 4*s - 3. Let m be v(-5). Let w be -2 - -5 - 0 - (-16)/m. Let a be 40 - (-3 - -2 - 3). What is the highest common divisor of w and a?
11
Let a be -12*((-39)/12 + 2). Suppose 4*j = j + a. Suppose -118*r + 113*r - 2*n + 206 = 0, 0 = r - 4*n - 28. What is the highest common divisor of j and r?
5
Let w = -17460 + 17684. Calculate the greatest common factor of 4088 and w.
56
Let i be (-63)/9 + 13 + 3 + 2. Let v(p) = -p**3 + 12*p**2 - 10*p - 10. Let x be v(i). Calculate the greatest common factor of x and 3.
1
Suppose -112*b = -64*b - 1821 + 669. What is the greatest common factor of b and 291?
3
Let u(n) be the first derivative of 1/2*n**2 + 17 + 4*n. Let c be u(8). What is the greatest common factor of 48 and c?
12
Let p(n) = 4*n**2 + 16*n + 26. Let v(k) = -3*k**2 - 14*k - 25. Let h(x) = 4*p(x) + 5*v(x). Let d be h(9). Calculate the greatest common factor of d and 114.
6
Let o be (960/(-10))/(-16) - (-14 - -1). Suppose -o*j + 5*v = -21*j + 19, -2*j + 37 = -v. Calculate the greatest common divisor of 493 and j.
17
Let l = 43 - 36. Suppose -l*r - 210 = -10*r. Suppose x - 5*x = 2*s - r, 4*s - x - 185 = 0. What is the highest common factor of s and 30?
15
Suppose 462 = 14*i - v, -i - v + 18 = -15. Calculate the highest common factor of i and 11957.
11
Let a(z) = 413*z + 890. Let h be a(-2). Calculate the highest common divisor of h and 1080.
8
Let y be ((-51)/(-9) + -5 + 1)*366. Suppose -6*w + 19 = -41. Calculate the highest common factor of w and y.
10
Suppose 0 = -5*u - 5*g + 20, -4*u + 7*g + 16 = 6*g. Suppose 2*b - 194 = -5*q, -5*q - u*b + 180 = -8. Calculate the highest common factor of q and 15.
5
Suppose 0 = -7*r + 8*r - 7. Let y(b) = -b**3 + 5*b**2 - 3*b + 13. Let i be y(r). Let z = i - -216. Calculate the greatest common factor of z and 44.
22
Let o(p) = 22*p - 1745. Let c be o(97). Calculate the greatest common factor of 1 and c.
1
Suppose 48*h - 52*h = -5*p + 4131, -5*h = 5*p - 4185. Calculate the greatest common divisor of 12 and p.
3
Suppose 4*i - 1587 + 127 = 0. Let q = i - 245. Calculate the greatest common factor of 100 and q.
20
Let q(p) = -p**3 - 14*p**2 + 41*p + 10. Let w be q(-17). Let r = w + -88. Calculate the greatest common factor of r and 230.
46
Suppose -68*j + 82*j - 3094 = 0. What is the greatest common factor of 476 and j?
17
Suppose -4*x - 24 = -3*j, -2*j - 2 + 4 = 2*x. Suppose 5*u + 5*i - 500 = 0, 418 = j*u + 3*i - 8*i. Calculate the greatest common factor of u and 68.
34
Let p(z) = -12 + 2*z + 17*z**2 + 10*z - 18*z**2. Let m be p(9). Suppose 9*v + 90 = m*v. Calculate the greatest common divisor of 10 and v.
5
Let d be 4670/45 + 2/9. Let g = 139 - d. What is the greatest common factor of g and 5?
5
Let c be ((-13 + -1)/(-42))/((-2)/(-173982)). Calculate the greatest common factor of 107 and c.
107
Let p(l) = l**2 - 23. Let m be p(0). Let k = m - -29. Let h = 62 - 44. What is the highest common factor of k and h?
6
Suppose -4537*o + 4526*o + 77 = 0. What is the highest common divisor of o and 4?
1
Let k be (30/12)/((-15)/(-742320)*2). What is the highest common divisor of k and 60?
60
Let u(w) = 47*w + 21. Let i be u(4). Let p(b) = b**2 + 52*b + 204. Let t be p(-49). What is the greatest common divisor of t and i?
19
Suppose 77*q = 90*q - 299. Let p be 20/15 + q/3. What is the highest common divisor of p and 387?
9
Let f(u) = u**3 - 5*u**2 - 4*u - 7. Suppose 0 = -3*n - 4*n + 238. Suppose 6*l = 8 + n. Let j be f(l). What is the highest common factor of 27 and j?
9
Let j(n) = 20*n**2 - n. Let d be j(-1). Let m be (-1408)/(-13024) + 19668/148. Calculate the greatest common factor of d and m.
7
Let q = 71 - 69. Suppose 4*u - 66 = 5*y + u, q*y - u = -27. Let n = 21 - y. What is the highest common divisor of 24 and n?
12
Let z be 1 - (-4 + 494)/(-10). What is the greatest common factor of 12050 and z?
50
Let j = 7980 - 6964. Calculate the highest common factor of j and 2286.
254
Let t be 21/((-84)/(-16)) + (4 - 2887*-2). Calculate the greatest common divisor of t and 98.
98
Let r be 21/7 + -2 + 1. Suppose 0 = 391*q - 386*q - u - 131, -3*q + 3*u + 81 = 0. Calculate the highest common divisor of r and q.
2
Let a(v) = 2*v**3 + 109*v**2 - 67*v - 769. Let b be a(-54). Calculate the greatest common divisor of b and 5.
5
Let l be (4 - (11 + -4 + -4)) + 5. Suppose -l*u + u + i = -98, -2*i = 6. Let c = -23 + 42. Calculate the greatest common factor of u and c.
19
Suppose -4*q + 444 = -5*t, -q + 125 - 11 = -2*t. Calculate the greatest common factor of q and 6731.
53
Suppose 1054*a = 1059*a - 1690. What is the highest common factor of 3 and a?
1
Let x be (-3)/18 - (-302)/12. Let n = x + -23. Suppose m = -4, -4*a + 2*m + 28 = -n*m. Calculate the highest common divisor of a and 1.
1
Suppose -6*y - 4*d + 85 = -y, 3*y - 5*d = 88. Let u = 19 - y. Let p(s) = -19*s - 3. Let b be p(u). What is the highest common factor of 10 and b?
5
Let y(g) = g**3 + 10*g**2 - g + 14. Let z be y(-10). Let q = 4894 + -4690. What is the greatest common divisor of z and q?
12
Let o be -7*54/63 + 38226/((-6)/(-3)). What is the highest common factor of 198 and o?
99
Let f(w) = 117*w - 24. Let m be f(5). Let y(c) = -c**2 - 4*c + 51. Let v be y(0). What is the highest common divisor of v and m?
51
Let w = 4688 + -4499. What is the highest common factor of 35 and w?
7
Let h = 20 + -11. Suppose 0 = 13*t - 6*t - 679. Suppose t + 47 = 2*b. What is the highest common factor of h and b?
9
Let v be 8 - 3 - (-3 + 6). Suppose -g + 50 = 2*g + v*b, 4*b - 36 = -2*g. Let j be (-3 - (-44)/g)/(2/(-24)). What is the greatest common divisor of j and 33?
3
Suppose -4*v = 5*o - 23315 - 11978, 3*o = -2*v + 21179. What is the greatest common factor of 135 and o?
45
Let c be 1227*(40/24 + (-64)/(-12)). What is the greatest common divisor of 21 and c?
21
Suppose 2081*q - 2080*q - 4 = 0. Suppose w = -2*w + 81. Suppose 4*f - 5 = w. What is the greatest common divisor of f and q?
4
Let c = -3 - -3. Suppose 2*y - 246 = -c*y. Suppose -2*o + 20 = d, 0 = 5*d + 5*o - y + 23. What is the greatest common divisor of 100 and d?
20
Let p = -11 + 41. Let l be 42/p - (-4)/(20/3). Suppose 115 = 2*o - 2*g + 27, 98 = l*o + 3*g. Calculate the greatest common factor of 23 and o.
23
Suppose 4*x + 19 = 11*x - 338. What is the highest common factor of x and 272?
17
Let p = -1 - -4. Let o be (1 - 3) + 52 + -46. Suppose 3*y - 70 = h + o*h, -p*h - 6 = 0. What is the greatest common factor of 50 and y?
10
Suppose -15*c - 895 + 4795 = 0. Calculate the highest common divisor of c and 780.
260
Let c = -1844 + 1876. Let y(q) = 16*q**2. Let w = -4 - -3. Let l be y(w). What is the highest common divisor of l and c?
16
Suppose -4*q - 191 = -5*z + 397, -5*q = 2*z - 255. Let s be (-2 + -8 + 18 - 2)/((-2)/(-60)). Calculate t